{"id":86,"date":"2023-12-02T12:20:25","date_gmt":"2023-12-02T11:20:25","guid":{"rendered":"http:\/\/localhost\/Ecole%20Sainte%20Coix\/?page_id=86"},"modified":"2024-03-14T17:58:10","modified_gmt":"2024-03-14T16:58:10","slug":"le-reglement-interieur","status":"publish","type":"page","link":"https:\/\/www.sainte-croix.org\/?page_id=86","title":{"rendered":"Le r\u00e8glement Int\u00e9rieur"},"content":{"rendered":"<p style=\"text-align: center;\"><em><span style=\"color: #78a2cc; font-size: 18pt;\">R\u00e8glement Int\u00e9rieur de l\u2019\u00c9cole Sainte Croix<\/span><\/em><\/p>\r\n<p>&nbsp;<\/p>\r\n\r\n<p><span style=\"text-decoration: underline;\"><span style=\"color: #78a2cc; text-decoration: underline;\">Introduction<\/span> <\/span>: Le Conseil d\u2019\u00e9cole a \u00e9labor\u00e9 ce r\u00e8glement int\u00e9rieur afin d\u2019\u00e9tablir un cadre pr\u00e9cis destin\u00e9 \u00e0 am\u00e9liorer<br \/>les relations entre \u00e9l\u00e8ves, enseignants, personnel et parents de l\u2019\u00e9cole Ste Croix.<br \/>Ce texte a valeur de contrat entre ces diff\u00e9rents partenaires.<br \/>Chaque ann\u00e9e, le Conseil d\u2019\u00e9cole v\u00e9rifie sa coh\u00e9rence avec le projet p\u00e9dagogique de l\u2019\u00e9tablissement.<br \/>Il peut le reconduire ou l\u2019amender sur proposition de l\u2019une des parties.<\/p>\r\n\r\n\r\n\r\n<p><span style=\"text-decoration: underline;\"><span style=\"color: #78a2cc; text-decoration: underline;\">Horaires<\/span> <\/span>: &#8211; cours de 8 h 30 \u00e0 12 h et de 14 h 00 \u00e0 16 h 30.<br \/>fermeture de la porte de 8h35 \u00e0 12h05 ; de12h20 \u00e0 13h15 ; de 14 h05 \u00e0 16 h 35.<br \/>Les enfants sont sous la surveillance des enseignants \u00bc d\u2019heure avant et \u00bc d\u2019heure apr\u00e8s les cours.<br \/>Une garderie est pr\u00e9vue de 7 h 30 \u00e0 8 h 30 et de 16 h 30 \u00e0 19 h 00 pour accueillir les enfants que les<br \/>parents ne peuvent pas amener aux heures scolaires soit \u00e0 cause de leur travail, soit pour une raison<br \/>exceptionnelle.<\/p>\r\n\r\n\r\n\r\n<p><span style=\"text-decoration: underline;\"><span style=\"color: #78a2cc; text-decoration: underline;\">\u00c9tude<\/span> <\/span>: de 16 h 45 \u00e0 17 h 30<br \/>&#8211; tout \u00e9l\u00e8ve du primaire peut b\u00e9n\u00e9ficier d\u2019une \u00e9tude surveill\u00e9e \u00e0 condition d\u2019\u00eatre inscrit en d\u00e9but<br \/>d\u2019ann\u00e9e.<\/p>\r\n\r\n\r\n\r\n<p><span style=\"text-decoration: underline;\"><span style=\"color: #78a2cc; text-decoration: underline;\">Cantine<\/span> <\/span>: La cantine est un service propos\u00e9 par l\u2019\u00e9cole, en priorit\u00e9 aux enfants dont les deux parents<br \/>travaillent ou qui habitent loin de Lavaur. Un site g\u00e8re les r\u00e9servations en ligne, se reporter \u00e0 la charte<br \/>cantine. Seuls ces \u00e9l\u00e8ves peuvent b\u00e9n\u00e9ficier de la garderie pr\u00e9c\u00e9dant et suivant le repas. Ils doivent go\u00fbter \u00e0<br \/>tout, manger proprement, dans le calme et en respectant la nourriture. Tout comportement d\u00e9viant, pourra<br \/>entra\u00eener une exclusion de ce temps de service accord\u00e9 aux familles.<\/p>\r\n\r\n\r\n\r\n<p><span style=\"text-decoration: underline;\"><span style=\"color: #78a2cc; text-decoration: underline;\">Serviettes<\/span> <\/span>: En d\u00e9but d\u2019ann\u00e9e, chaque \u00e9l\u00e8ve doit apporter 2 paquets de 100 serviettes en papier.<\/p>\r\n\r\n\r\n\r\n<p><span style=\"text-decoration: underline;\"><span style=\"color: #78a2cc; text-decoration: underline;\">Absences<\/span> <\/span>: Les absences doivent \u00eatre signal\u00e9es le jour-m\u00eame et justifi\u00e9es dans le cahier de<br \/>correspondance. Si un \u00e9l\u00e8ve doit quitter la classe en cours de journ\u00e9e, ses parents signent une d\u00e9charge \u00e0<br \/>remettre \u00e0 l\u2019enseignant.<\/p>\r\n\r\n\r\n\r\n<p><span style=\"text-decoration: underline;\"><span style=\"color: #78a2cc; text-decoration: underline;\">Retards<\/span> <\/span>: Tout retard g\u00eane le d\u00e9roulement des cours, les commandes de repas de cantine, les sorties en<br \/>sport ou natation. Les \u00e9l\u00e8ves doivent donc arriver \u00e0 l\u2019heure en classe.<\/p>\r\n\r\n\r\n\r\n<p><span style=\"text-decoration: underline;\"><span style=\"color: #78a2cc; text-decoration: underline;\">Acc\u00e8s aux salles<\/span><\/span> :<\/p>\r\n\r\n\r\n\r\n<ul class=\"wp-block-list\">\r\n<li>salles de classes : elles sont limit\u00e9es aux heures de cours.<\/li>\r\n\r\n\r\n\r\n<li>salle de garderie : son utilisation est r\u00e9serv\u00e9e aux classes sur le temps scolaire (suivant planning \u00e9tabli en<br \/>d\u00e9but d\u2019ann\u00e9e). Le reste du temps, le local est r\u00e9serv\u00e9 \u00e0 l\u2019accueil des \u00e9l\u00e8ves ou \u00e0 la sieste en d\u00e9but d&rsquo;apr\u00e8s-<br \/>midi.<\/li>\r\n<\/ul>\r\n\r\n\r\n\r\n<p><span style=\"text-decoration: underline;\"><span style=\"color: #78a2cc; text-decoration: underline;\">Dispense de sport<\/span><\/span> : Le sport, la natation font partie int\u00e9grante de la vie de la classe. Par cons\u00e9quent, toute<br \/>dispense doit \u00eatre appuy\u00e9e par un certificat m\u00e9dical \u00e0 partir de 3 absences cons\u00e9cutives.<\/p>\r\n\r\n\r\n\r\n<p><span style=\"text-decoration: underline;\"><span style=\"color: #78a2cc; text-decoration: underline;\">Utilisation des locaux et du mat\u00e9riel<\/span><\/span> : L\u2019\u00e9cole met au service de la communaut\u00e9 scolaire des locaux, du<br \/>mobilier et du mat\u00e9riel. Chaque \u00e9l\u00e8ve doit veiller \u00e0 les maintenir propres. En cas de d\u00e9gradation volontaire,<br \/>une sanction sera prise, accompagn\u00e9e \u00e9ventuellement d\u2019une r\u00e9paration.<\/p>\r\n\r\n\r\n\r\n<p><span style=\"text-decoration: underline;\"><span style=\"color: #78a2cc; text-decoration: underline;\">Circulation<\/span><\/span> : Les \u00e9l\u00e8ves ne doivent pas stationner dans les couloirs, les halls et les escaliers. Il est interdit de<br \/>remonter en classe sans l&rsquo;autorisation d&rsquo;un adulte de l&rsquo;\u00e9cole.<\/p>\r\n\r\n\r\n\r\n<p><span style=\"text-decoration: underline;\"><span style=\"color: #78a2cc; text-decoration: underline;\">Cour de r\u00e9cr\u00e9ation<\/span><\/span> : En cas de pluie, les \u00e9l\u00e8ves doivent rester sous le pr\u00e9au. L\u2019espace \u00e9tant r\u00e9duit, ils<br \/>doivent \u00e9viter de courir ; le plateau de sport n\u2019est pas autoris\u00e9.<\/p>\r\n\r\n\r\n\r\n<p>Les balles et ballons sont limit\u00e9s aux aires pr\u00e9vues \u00e0 cet effet. A la sonnerie, les \u00e9l\u00e8ves doivent se mettre en<br \/>rang rapidement et dans le calme.<\/p>\r\n\r\n\r\n\r\n<p><span style=\"text-decoration: underline;\"><span style=\"color: #78a2cc; text-decoration: underline;\">Cabane<\/span><\/span> : Elle est r\u00e9serv\u00e9e aux jeux calmes. Il est interdit de se suspendre aux poutres. Le nombre des<br \/>utilisateurs ne doit pas d\u00e9passer une douzaine, en m\u00eame temps.<\/p>\r\n<p><span style=\"text-decoration: underline;\"><span style=\"color: #78a2cc; text-decoration: underline;\">Remise des \u00e9l\u00e8ves aux familles<\/span><\/span> : Les \u00e9l\u00e8ves n\u2019\u00e9tant pas autoris\u00e9s \u00e0 sortir seuls de l\u2019\u00e9cole doivent \u00eatre<br \/>accompagn\u00e9s. Pour les \u00e9l\u00e8ves n\u2019ayant pas d\u2019autorisation de sortie, les parents sont invit\u00e9s \u00e0 les<br \/>accompagner jusque dans la cour et aller les rechercher au m\u00eame endroit.<br \/>Pour les autres, il est rappel\u00e9 aux parents qu\u2019ils sont responsables de leurs enfants d\u00e8s la sortie de l\u2019\u00e9cole.<br \/>Il leur est donc recommand\u00e9 de ne pas les laisser attendre sur la place, devant le restaurant ou les magasins.<br \/>Remarque : seuls les enfants des classes maternelles doivent obligatoirement \u00eatre remis directement aux<br \/>parents ou aux personnes nomm\u00e9ment d\u00e9sign\u00e9s par eux par \u00e9crit (il n\u2019y a pas de condition particuli\u00e8re<br \/>concernant l\u2019\u00e2ge et la qualit\u00e9 de ces personnes.) Veillez donc \u00e0 respecter les horaires de l\u2019\u00e9cole, le<br \/>personnel n\u2019est pas tenu de rester en dehors des horaires d\u2019ouverture de l\u2019\u00e9cole.<\/p>\r\n<p><span style=\"text-decoration: underline;\"><span style=\"color: #78a2cc; text-decoration: underline;\">Parking<\/span><\/span> : Pour la s\u00e9curit\u00e9 des enfants, les parents sont invit\u00e9s \u00e0 respecter le sens de circulation mat\u00e9rialis\u00e9<br \/>au sol.<\/p>\r\n\r\n\r\n\r\n\r\n\r\n<p><span style=\"text-decoration: underline;\"><span style=\"color: #78a2cc; text-decoration: underline;\">Autorit\u00e9 parentale<\/span> <\/span>: A la rentr\u00e9e, chaque famille re\u00e7oit une fiche de renseignements et d\u2019autorisations<br \/>diverses \u00e0 remplir o\u00f9 doit \u00eatre mentionn\u00e9 qui exerce l\u2019autorit\u00e9 parentale l\u00e9gale de l\u2019enfant. Si la situation<br \/>parentale change en cours d\u2019ann\u00e9e, les pi\u00e8ces justificatives d\u00e9livr\u00e9es par l\u2019administration doivent \u00eatre<br \/>apport\u00e9es \u00e0 la direction pour que cette situation soit prise en consid\u00e9ration.<\/p>\r\n\r\n\r\n\r\n<p><span style=\"text-decoration: underline;\"><span style=\"color: #78a2cc; text-decoration: underline;\">Suivi de la scolarit\u00e9<\/span><\/span> : Les relations entre parents et enseignants sont primordiales pour la r\u00e9ussite scolaire<br \/>des \u00e9l\u00e8ves.<\/p>\r\n\r\n\r\n\r\n<ol class=\"wp-block-list\">\r\n<li>Le cahier de correspondance doit \u00eatre v\u00e9rifi\u00e9 quotidiennement, toute information lue doit \u00eatre sign\u00e9e.<\/li>\r\n\r\n\r\n\r\n<li>Le livret scolaire sert d\u2019instrument de liaison entre les ma\u00eetres de l\u2019\u00e9cole et entre les ma\u00eetres et les<br \/>parents. Il doit \u00eatre sign\u00e9 par ces derniers puis remis \u00e0 l\u2019enseignant.<\/li>\r\n\r\n\r\n\r\n<li>Les r\u00e9unions de classe donnent des indications sur les objectifs et les moyens que se donnent les<br \/>enseignants pour faciliter les apprentissages des \u00e9l\u00e8ves. Les parents peuvent ainsi mieux contr\u00f4ler le<br \/>travail de leurs enfants.<\/li>\r\n\r\n\r\n\r\n<li>Des rendez-vous personnels peuvent \u00eatre pris par les parents aupr\u00e8s des enseignants pour faire le<br \/>point sur la progression de leur enfant ou r\u00e9gler un \u00e9ventuel probl\u00e8me.<\/li>\r\n<\/ol>\r\n\r\n\r\n\r\n\r\n\r\n<p><span style=\"text-decoration: underline;\"><span style=\"color: #78a2cc; text-decoration: underline;\">V\u00eatements, objets personnels<\/span><\/span> : Les \u00e9l\u00e8ves doivent avoir une tenue vestimentaire correcte : pas de<br \/>chaussures \u00e0 talons, ni de tongs, \u2026 Les habits, sacs, chaussures de sport oubli\u00e9s seront gard\u00e9s \u00e0 l\u2019\u00e9cole<br \/>jusqu\u2019aux vacances suivantes. Pour \u00e9viter les pertes, les parents doivent marquer les v\u00eatements.<br \/>Les objets trouv\u00e9s doivent \u00eatre remis \u00e0 un enseignant.<br \/>Les objets dangereux, les jeux de valeur, les portables et tout objet connect\u00e9, les sommes d\u2019argent<br \/>non demand\u00e9es par l\u2019\u00e9cole sont interdites dans l\u2019\u00e9tablissement.<\/p>\r\n\r\n\r\n\r\n<ol class=\"wp-block-list\"><\/ol>\r\n\r\n\r\n\r\n\r\n\r\n<p><span style=\"text-decoration: underline;\"><span style=\"color: #78a2cc; text-decoration: underline;\">Administration de m\u00e9dicaments \u00e0 l&rsquo;\u00e9cole<\/span><\/span> : les m\u00e9dicaments sont interdits dans l&rsquo;\u00e9cole.<br \/>Rappel : les enseignants ne sont pas habilit\u00e9s \u00e0 donner des m\u00e9dicaments, quels qu&rsquo;ils soient, sauf si un<br \/>protocole a \u00e9t\u00e9 mis en place.<br \/>Exceptionnellement, sous r\u00e9serve d&rsquo;une autorisation sign\u00e9e par le responsable l\u00e9gal, et apr\u00e8s avoir obtenu<br \/>l&rsquo;accord du ma\u00eetre, un m\u00e9dicament peut \u00eatre administr\u00e9 ponctuellement \u00e0 un enfant.<br \/>Dans le cas de troubles de la sant\u00e9 n\u00e9cessitant la prise de m\u00e9dicaments \u00e0 l&rsquo;\u00e9cole ou la mise en place de<br \/>pr\u00e9cautions particuli\u00e8res, les familles doivent obligatoirement contacter la directrice : un protocole qui<br \/>pr\u00e9cisera les modalit\u00e9s de l&rsquo;accueil \u00e0 l&rsquo;\u00e9cole sera r\u00e9dig\u00e9 avec le m\u00e9decin scolaire (PAI : projet d&rsquo;accueil<br \/>individualis\u00e9).<\/p>\r\n\r\n\r\n\r\n<ol class=\"wp-block-list\"><\/ol>\r\n\r\n\r\n\r\n\r\n\r\n<p><span style=\"text-decoration: underline;\"><span style=\"color: #78a2cc; text-decoration: underline;\">Comportement<\/span><\/span> :<\/p>\r\n\r\n\r\n\r\n<p>Couloirs, escaliers : Par respect pour les groupes qui travaillent, les \u00e9l\u00e8ves doivent se d\u00e9placer sans<br \/>bruit, calmement et en rang.<br \/>Toilettes : Les \u00e9l\u00e8ves doivent les laisser propres et ne pas les consid\u00e9rer comme des aires de jeux.<br \/>Politesse : Le respect et la politesse sont n\u00e9cessaires pour faciliter la compr\u00e9hension entre les diff\u00e9rents<br \/>intervenants.<br \/>Les parents ne doivent en aucun cas r\u00e9gler les diff\u00e9rends entre enfants dans l\u2019enceinte de l\u2019\u00e9cole.<br \/>Le chewing-gum est interdit en classe<\/p>\r\n<p><span style=\"text-decoration: underline;\"><span style=\"color: #78a2cc; text-decoration: underline;\">Sanctions<\/span> <\/span>:<br \/>Tout manquement au r\u00e8glement entra\u00eenera une sanction, une r\u00e9paration, un avertissement, l\u2019exclusion<br \/>temporaire d\u2019un lieu, la mise \u00e0 l\u2019\u00e9cart du groupe etc\u2026<br \/>En cas de manquement grave, les parents sont convoqu\u00e9s ; s\u2019il y a une r\u00e9cidive, le conseil des ma\u00eetres du cycle<br \/>de l\u2019\u00e9l\u00e8ve peut prononcer une exclusion temporaire ou d\u00e9finitive de l\u2019\u00e9tablissement.<\/p>\r\n\r\n\r\n\r\n<ol class=\"wp-block-list\"><\/ol>\r\n\r\n\r\n\r\n\r\n\r\n<ol class=\"wp-block-list\"><\/ol>\r\n","protected":false},"excerpt":{"rendered":"<p>R\u00e8glement Int\u00e9rieur de l\u2019\u00c9cole Sainte Croix &nbsp; Introduction : Le Conseil d\u2019\u00e9cole a \u00e9labor\u00e9 ce r\u00e8glement int\u00e9rieur afin d\u2019\u00e9tablir un cadre pr\u00e9cis destin\u00e9 \u00e0 am\u00e9liorerles &hellip;<\/p>\n","protected":false},"author":1,"featured_media":0,"parent":0,"menu_order":0,"comment_status":"closed","ping_status":"closed","template":"","meta":{"footnotes":""},"class_list":["post-86","page","type-page","status-publish","hentry"],"_links":{"self":[{"href":"https:\/\/www.sainte-croix.org\/index.php?rest_route=\/wp\/v2\/pages\/86"}],"collection":[{"href":"https:\/\/www.sainte-croix.org\/index.php?rest_route=\/wp\/v2\/pages"}],"about":[{"href":"https:\/\/www.sainte-croix.org\/index.php?rest_route=\/wp\/v2\/types\/page"}],"author":[{"embeddable":true,"href":"https:\/\/www.sainte-croix.org\/index.php?rest_route=\/wp\/v2\/users\/1"}],"replies":[{"embeddable":true,"href":"https:\/\/www.sainte-croix.org\/index.php?rest_route=%2Fwp%2Fv2%2Fcomments&post=86"}],"version-history":[{"count":15,"href":"https:\/\/www.sainte-croix.org\/index.php?rest_route=\/wp\/v2\/pages\/86\/revisions"}],"predecessor-version":[{"id":428,"href":"https:\/\/www.sainte-croix.org\/index.php?rest_route=\/wp\/v2\/pages\/86\/revisions\/428"}],"wp:attachment":[{"href":"https:\/\/www.sainte-croix.org\/index.php?rest_route=%2Fwp%2Fv2%2Fmedia&parent=86"}],"curies":[{"name":"wp","href":"https:\/\/api.w.org\/{rel}","templated":true}]}}